vided by 1028?
1014
What is the remainder when 151207 is divided by 3979?
5
Calculate the remainder when 124606 is divided by 2.
0
What is the remainder when 78676 is divided by 673?
608
Calculate the remainder when 14288 is divided by 221.
144
What is the remainder when 85671 is divided by 42698?
275
Calculate the remainder when 4459 is divided by 2524.
1935
Calculate the remainder when 11197 is divided by 3321.
1234
What is the remainder when 88763 is divided by 1167?
71
What is the remainder when 579529 is divided by 487?
486
Calculate the remainder when 41563 is divided by 13846.
25
Calculate the remainder when 263607 is divided by 131798.
11
What is the remainder when 29759 is divided by 14542?
675
Calculate the remainder when 60750 is divided by 33.
30
Calculate the remainder when 409030 is divided by 138.
136
What is the remainder when 6950 is divided by 6918?
32
Calculate the remainder when 259846 is divided by 129900.
46
What is the remainder when 8803 is divided by 2925?
28
Calculate the remainder when 34767 is divided by 61.
58
Calculate the remainder when 3893 is divided by 296.
45
What is the remainder when 60620 is divided by 217?
77
Calculate the remainder when 1672 is divided by 120.
112
What is the remainder when 127666 is divided by 118?
108
What is the remainder when 83793 is divided by 28?
17
What is the remainder when 31926 is divided by 1986?
150
What is the remainder when 600150 is divided by 44?
34
Calculate the remainder when 5421 is divided by 136.
117
What is the remainder when 100044 is divided by 863?
799
What is the remainder when 15214 is divided by 5044?
82
Calculate the remainder when 320492 is divided by 157.
55
What is the remainder when 1034 is divided by 143?
33
Calculate the remainder when 72191 is divided by 18047.
3
Calculate the remainder when 15273 is divided by 12.
9
What is the remainder when 3948 is divided by 327?
24
Calculate the remainder when 6761 is divided by 2043.
632
What is the remainder when 64480 is divided by 2910?
460
Calculate the remainder when 600596 is divided by 220.
216
What is the remainder when 89726 is divided by 6901?
13
Calculate the remainder when 1113112 is divided by 24.
16
What is the remainder when 108288 is divided by 119?
117
Calculate the remainder when 2482 is divided by 11.
7
What is the remainder when 58722 is divided by 7?
6
Calculate the remainder when 14640 is divided by 101.
96
What is the remainder when 891223 is divided by 47?
9
Calculate the remainder when 4178 is divided by 506.
130
Calculate the remainder when 8690 is divided by 8677.
13
What is the remainder when 11747 is divided by 98?
85
What is the remainder when 2614159 is divided by 1221?
1219
Calculate the remainder when 480647 is divided by 27.
20
Calculate the remainder when 4177 is divided by 329.
229
What is the remainder when 12849 is divided by 12773?
76
Calculate the remainder when 10617 is divided by 700.
117
Calculate the remainder when 15536 is divided by 3101.
31
Calculate the remainder when 30536 is divided by 47.
33
Calculate the remainder when 19682 is divided by 9779.
124
Calculate the remainder when 940495 is divided by 163.
148
What is the remainder when 21615 is divided by 636?
627
What is the remainder when 4677 is divided by 589?
554
What is the remainder when 4955 is divided by 737?
533
What is the remainder when 10472 is divided by 214?
200
What is the remainder when 71147 is divided by 14?
13
Calculate the remainder when 27192 is divided by 71.
70
Calculate the remainder when 4779 is divided by 885.
354
Calculate the remainder when 1334 is divided by 158.
70
Calculate the remainder when 7798 is divided by 3801.
196
Calculate the remainder when 67399 is divided by 69.
55
What is the remainder when 158405 is divided by 258?
251
Calculate the remainder when 42582 is divided by 14187.
21
What is the remainder when 49117 is divided by 40?
37
Calculate the remainder when 4913 is divided by 3407.
1506
Calculate the remainder when 126105 is divided by 142.
9
What is the remainder when 1109 is divided by 280?
269
Calculate the remainder when 161888 is divided by 26979.
14
Calculate the remainder when 48397 is divided by 208.
141
Calculate the remainder when 134374 is divided by 49.
16
What is the remainder when 7871 is divided by 657?
644
What is the remainder when 48143 is divided by 21?
11
What is the remainder when 41148 is divided by 13661?
165
What is the remainder when 8438 is divided by 2699?
341
Calculate the remainder when 44311 is divided by 22152.
7
What is the remainder when 42654 is divided by 205?
14
Calculate the remainder when 19274 is divided by 4812.
26
Calculate the remainder when 1796 is divided by 122.
88
Calculate the remainder when 4354 is divided by 66.
64
What is the remainder when 8592 is divided by 191?
188
Calculate the remainder when 489231 is divided by 122305.
11
What is the remainder when 58819 is divided by 58818?
1
What is the remainder when 6969 is divided by 39?
27
Calculate the remainder when 17001 is divided by 694.
345
What is the remainder when 1087 is divided by 96?
31
What is the remainder when 51422 is divided by 127?
114
Calculate the remainder when 96064 is divided by 24.
16
Calculate the remainder when 19837 is divided by 31.
28
What is the remainder when 869 is divided by 60?
29
What is the remainder when 429829 is divided by 489?
487
What is the remainder when 149129 is divided by 742?
729
Calculate the remainder when 1051522 is divided by 105151.
12
Calculate the remainder when 393755 is divided by 12.
11
Calculate the remainder when 502 is divided by 247.
8
Calculate the remainder when 1105 is divided by 795.
310
What is the remainder when 2018 is divided by 977?
64
What is the remainder when 137923 is divided by 541?
509
What is the remainder when 174821 is divided by 218?
203
Calculate the remainder when 2442 is divided by 79.
72
Calculate the remainder when 490 is divided by 227.
36
Calculate the remainder when 7280 is divided by 1040.
0
What is the remainder when 12767 is divided by 20?
7
Calculate the remainder when 239304 is divided by 129.
9
Calculate the remainder when 5645 is divided by 136.
69
Calculate the remainder when 549449 is divided by 370.
369
Calculate the remainder when 99407 is divided by 226.
193
Calculate the remainder when 100020 is divided by 394.
338
What is the remainder when 2752 is divided by 26?
22
What is the remainder when 1276 is divided by 807?
469
Calculate the remainder when 6730 is divided by 37.
33
Calculate the remainder when 40274 is divided by 191.
164
Calculate the remainder when 382401 is divided by 66.
63
Calculate the remainder when 9496 is divided by 127.
98
What is the remainder when 4589 is divided by 574?
571
What is the remainder when 125629 is divided by 302?
299
Calculate the remainder when 2918 is divided by 37.
32
Calculate the remainder when 23689 is divided by 11.
6
What is the remainder when 3263 is divided by 231?
29
What is the remainder when 5510 is divided by 897?
128
Calculate the remainder when 641653 is divided by 74.
73
What is the remainder when 2516 is divided by 2452?
64
What is the remainder when 454 is divided by 217?
20
What is the remainder when 266561 is divided by 647?
644
What is the remainder when 304 is divided by 102?
100
Calculate the remainder when 2358 is divided by 427.
223
What is the remainder when 5636 is divided by 152?
12
What is the remainder when 649 is divided by 605?
44
Calculate the remainder when 710 is divided by 348.
14
What is the remainder when 849446 is divided by 75?
71
What is the remainder when 22805 is divided by 57?
5
What is the remainder when 6523 is divided by 3120?
283
What is the remainder when 174 is divided by 43?
2
Calculate the remainder when 10912 is divided by 3632.
16
Calculate the remainder when 25990 is divided by 8663.
1
Calculate the remainder when 62213 is divided by 2392.
21
What is the remainder when 173402 is divided by 8?
2
What is the remainder when 34022 is divided by 2125?
22
Calculate the remainder when 274263 is divided by 54.
51
What is the remainder when 49298 is divided by 82?
16
What is the remainder when 36268 is divided by 24?
4
Calculate the remainder when 3386 is divided by 568.
546
Calculate the 